
Convert 154a74 (base 15) to base 6.
34012531
Convert c3198a (base 16) to base 6.
1134014414
12b56a (base 12) to base 16
4bb62
What is -7a9581 (base 13) in base 15?
-3c5cc4
-2a4322 (base 11) to base 8
-1636157
Convert -1524632 (base 8) to base 16.
-6a99a
Convert -814445 (base 10) to base 8.
-3066555
231012323 (base 4) to base 15
39b28
What is -1110111010001111101 (base 2) in base 3?
-220211012022
What is 10105311 (base 7) in base 2?
11001101100111101100
Convert 1410662 (base 8) to base 7.
3244416
Convert 41747 (base 12) to base 8.
247347
What is -779b40 (base 13) in base 2?
-1010110000101000110110
Convert -6233 (base 13) to base 10.
-13562
What is 257f6 (base 16) in base 8?
453766
-6341236 (base 7) to base 14
-15d41d
Convert 5893e (base 16) to base 10.
362814
Convert -1227605 (base 9) to base 12.
-28287b
-e66a (base 16) to base 3
-2222220200
What is 3149 (base 15) in base 6?
120123
-2de79 (base 16) to base 8
-557171
Convert -5137 (base 15) to base 16.
-4300
Convert 69029 (base 11) to base 10.
99856
Convert 1840148 (base 9) to base 11.
644008
322113311 (base 5) to base 12
559139
-220002010002 (base 3) to base 2
-1110011101101001101
Convert 1320400 (base 6) to base 14.
1c704
What is 3101333213 (base 4) in base 9?
1550785
32032103300 (base 4) to base 8
16162360
What is -1111101010010000011 (base 2) in base 14?
-d501d
Convert -1688401 (base 9) to base 16.
-e68fc
What is -e240e (base 15) in base 12?
-2a6712
124114133 (base 6) to base 9
4522633
1a6472 (base 12) to base 4
1302010112
Convert -3207b6 (base 13) to base 12.
-486525
-1123133330 (base 4) to base 11
-23663a
123a10 (base 13) to base 16
6a9e5
Convert -126348 (base 12) to base 10.
-301160
What is -bc7d8a (base 14) in base 8?
-30321726
35a619 (base 11) to base 16
8b42e
Convert -120101221120 (base 3) to base 2.
-1001010000001111001
What is -9aba (base 13) in base 3?
-1002122121
Convert 442420 (base 14) to base 3.
11100102110020
What is -345b21 (base 12) in base 4?
-3031000021
-2550602 (base 8) to base 13
-1ba930
-10aa95 (base 16) to base 3
-2001111021112
Convert 15503752 (base 8) to base 7.
42243030
What is -b676a (base 12) in base 15?
-4aea4
-3451373 (base 9) to base 8
-7071252
217995 (base 13) to base 14
16733b
What is 235102413 (base 6) in base 16?
43c269
-22202000010111 (base 3) to base 9
-8660114
-8567a4 (base 13) to base 4
-23323211200
57a43 (base 13) to base 3
22010101022
292121 (base 12) to base 6
22424441
Convert 35110112 (base 6) to base 4.
10020031130
Convert 35323 (base 6) to base 12.
2b43
13124232 (base 5) to base 4
133232112
Convert 7784323 (base 9) to base 2.
1111111110101110101010
Convert 4737543 (base 8) to base 3.
2102202021120
What is 1140853 (base 10) in base 5?
243001403
What is 2377111 (base 9) in base 7?
13655200
What is -3424652 (base 8) in base 2?
-11100010100110101010
-10788 (base 9) to base 12
-4208
15851f (base 16) to base 4
11120110133
What is -100110110001101001101101 (base 2) in base 8?
-46615155
Convert -12210133330 (base 4) to base 2.
-110100100011111111100
What is -aacbd (base 15) in base 7?
-4420510
What is -111011212101 (base 3) in base 13?
-9110b
Convert -12201122112112 (base 3) to base 5.
-1234401332
What is bb0575 (base 12) in base 8?
13241051
110010011011100101 (base 2) to base 9
344316
Convert -511a0 (base 11) to base 5.
-4343032
-19ac0 (base 16) to base 8
-315300
-1217494 (base 10) to base 2
-100101001001111010110
Convert 2510581 (base 9) to base 7.
14414035
12122201220 (base 3) to base 4
123023301
Convert 100010311 (base 5) to base 13.
109175
-7489101 (base 10) to base 12
-2611b79
What is -2823aa1 (base 12) in base 9?
-16058724
What is 1010011101001110110 (base 2) in base 7?
2624653
What is 5142840 (base 9) in base 4?
22132011000
Convert 940299 (base 13) to base 11.
1a50892
Convert 34264430 (base 8) to base 9.
14877382
Convert -a90bd (base 16) to base 7.
-5612461
61267 (base 9) to base 7
225355
-31c22b (base 14) to base 5
-412411442
What is 135026 (base 13) in base 8?
1622031
What is 952a15 (base 11) in base 6?
52415212
-59ca70 (base 15) to base 16
-418abb
Convert -6645c (base 13) to base 9.
-312160
Convert 231511 (base 8) to base 3.
10222220112
What is -246132 (base 11) in base 6?
-12200012
Convert -1c877 (base 14) to base 11.
-4a94a
113d8 (base 16) to base 15
15dcb
Convert -100000010010100101010 (base 2) to base 15.
-15d795
72a22b (base 12) to base 4
12313223003
What is -213102331 (base 4) in base 12?
-79191
What is 244148 (base 10) in base 16?
3b9b4
What is 10212212122120 (base 3) in base 13?
573783
-103331222 (base 4) to base 8
-237552
What is -87b940 (base 12) in base 15?
-2c8ce0
-37e4d (base 15) to base 8
-535043
Convert 5520363 (base 7) to base 16.
a559a
What is 656202 (base 8) in base 11?
140564
What is 312231231 (base 4) in base 2?
110110101101101101
-1147007 (base 10) to base 12
-47393b
Convert -113726b (base 12) to base 2.
-1100100111111110110011
What is -10592a5 (base 12) in base 13?
-849767
Convert 45245204 (base 6) to base 9.
2525024
Convert 1000001101110101111000 (base 2) to base 11.
1241244
1056355 (base 12) to base 13
847343
What is 10313031 (base 5) in base 4?
111213010
What is 32dca3 (base 14) in base 3?
10020211000110
Convert -203224 (base 9) to base 8.
-353225
381163 (base 9) to base 7
1650006
What is -3349891 (base 10) in base 4?
-30301312003
121312314 (base 6) to base 13
62c059
-450a4 (base 13) to base 4
-132212303
-24323262 (base 7) to base 11
-1255463
121212312223 (base 4) to base 9
13561137
Convert -10001111000110000 (base 2) to base 5.
-4321024
111011201022 (base 3) to base 5
31244231
Convert -33b465a (base 12) to base 8.
-45726646
Convert -1241761 (base 8) to base 14.
-8da81
Convert 44132 (base 12) to base 3.
11120111202
What is 857244 (base 12) in base 4?
20002112110
What is -1153001 (base 6) in base 9?
-103401
65ae (base 16) to base 4
12112232
What is -7928a (base 13) in base 11?
-140449
What is -1111111011001000110100 (base 2) in base 13?
-b3206a
What is -83a6097 (base 11) in base 10?
-14810143
What is 2130035 (base 7) in base 13?
9106a
What is -1542240 (base 6) in base 10?
-91248
Convert -60fd35 (base 16) to base 9.
-12857150
What is -1010111100110101 (base 2) in base 15?
-d453
What is 1c78cb (base 13) in base 11?
45a176
Convert 11000111100010101001 (base 2) to base 11.
50907a
1394513 (base 11) to base 13
659c4a
What is 212002012 (base 3) in base 6?
205522
What is -267012 (base 11) in base 7?
-3364246
Convert -6a8c76 (base 15) to base 13.
-1093b03
Convert -1a185 (base 14) to base 4.
-100021321
What is 2202036 (base 7) in base 9?
450763
-8288 (base 14) to base 12
-11000
11010111101000101101 (base 2) to base 10
883245
-155511234 (base 7) to base 6
-1014142023
What is -155a52 (base 11) in base 10?
-242178
What is -1404214014 (base 5) in base 13?
-987005
Convert -12544448 (base 9) to base 11.
-3535099
Convert -5562353 (base 7) to base 2.
-10100111110111000101
What is 1888563 (base 13) in base 14?
10d5779
Convert 2444123342 (base 5) to base 6.
325204501
Convert -2787d0 (base 14) to base 15.
-1c0546
Convert 121011111111 (base 3) to base 10.
318208
Convert 143423 (base 6) to base 3.
200212220
-19718 (base 15) to base 8
-241246
122333301 (base 4) to base 10
110577
Convert 2333541 (base 6) to base 4.
131220211
What is 221665 (base 10) in base 15?
45a2a
21757 (base 12) to base 2
1010110011110011
Convert a9f2c (base 16) to base 8.
2517454
Convert -1948808 (base 10) to base 11.
-1111194
154c83 (base 15) to base 16
fb2d7
-188637 (base 9) to base 16
-1cc81
Convert -889cf4 (base 16) to base 4.
-202021303310
Convert -10010101202221 (base 3) to base 15.
-22c337
101100010111000000 (base 2) to base 15
38c81
What is 7b8f (base 16) in base 10?
31631
Convert 2f7a35 (base 16) to base 4.
23313220311
-626b9 (base 15) to base 6
-10404320
-1112343412 (base 5) to base 13
-684286
70746 (base 8) to base 7
151003
Convert 10504550 (base 6) to base 3.
121020210210
Convert -134791 (base 10) to base 11.
-922a8
What is -455a45 (base 11) in base 8?
-2610513
What is -5774b (base 15) in base 11?
-180188
What is 4de20 (base 15) in base 7?
2056365
49a72 (base 16) to base 12
126702
-3011222302 (base 4) to base 6
-25204214
Convert 42130305 (base 6) to base 7.
13260641
552776 (base 8) to base 10
185854
Convert -2650662 (base 9) to base 4.
-11202020123
Convert 